hest common factor of 596 and 3?
1
Calculate the highest common divisor of 54502 and 7378.
238
What is the greatest common divisor of 154 and 4014087?
77
Calculate the greatest common divisor of 95078 and 347.
347
What is the highest common divisor of 976 and 75856?
16
Calculate the greatest common factor of 1633 and 11822.
23
Calculate the highest common factor of 15561 and 78.
39
Calculate the highest common divisor of 634193 and 7.
7
Calculate the highest common factor of 10 and 11472930.
10
What is the greatest common factor of 162 and 20439?
27
Calculate the greatest common factor of 14364 and 6804.
756
Calculate the greatest common divisor of 52895 and 213.
71
What is the greatest common divisor of 37784 and 8?
8
What is the greatest common factor of 587 and 395051?
587
Calculate the greatest common factor of 98 and 4157356.
98
Calculate the greatest common factor of 15 and 2734.
1
Calculate the greatest common factor of 1776 and 7500.
12
What is the highest common factor of 1334370 and 228?
114
Calculate the greatest common factor of 460 and 4426235.
115
What is the highest common factor of 189375 and 2625?
375
What is the highest common factor of 577983 and 357?
357
What is the highest common divisor of 287 and 3613617?
287
Calculate the greatest common factor of 214098 and 408.
102
What is the greatest common factor of 423 and 396351?
423
Calculate the greatest common divisor of 172 and 188.
4
What is the highest common divisor of 777909 and 132?
33
Calculate the highest common factor of 207 and 2001.
69
Calculate the highest common factor of 492164 and 492.
164
Calculate the highest common factor of 125330 and 8300.
830
Calculate the highest common divisor of 8350 and 13026.
334
What is the highest common divisor of 64 and 60608?
64
What is the highest common factor of 3460 and 320?
20
What is the highest common divisor of 741 and 4251?
39
Calculate the highest common divisor of 597620 and 20.
20
What is the highest common divisor of 48230 and 94976?
742
What is the greatest common factor of 171 and 228798?
171
What is the highest common factor of 310 and 567982?
62
Calculate the greatest common divisor of 5 and 28555.
5
What is the greatest common factor of 70 and 30352?
14
What is the greatest common divisor of 9022 and 182?
26
What is the highest common divisor of 138751 and 267?
89
Calculate the greatest common divisor of 475 and 51471.
19
What is the highest common factor of 37741 and 7003?
47
Calculate the highest common divisor of 219402 and 6426.
918
Calculate the greatest common factor of 189 and 59193.
9
What is the greatest common factor of 244 and 306952?
244
What is the highest common factor of 1050 and 7686?
42
What is the highest common factor of 260 and 51610?
130
What is the greatest common factor of 470680 and 6720?
280
Calculate the highest common divisor of 1564 and 391.
391
Calculate the highest common divisor of 3928 and 132570.
982
Calculate the highest common divisor of 2 and 214925.
1
Calculate the highest common factor of 48048 and 14938.
154
Calculate the highest common divisor of 836 and 14839.
209
What is the highest common factor of 139557 and 2816?
11
Calculate the greatest common divisor of 3804 and 972.
12
What is the greatest common factor of 672 and 33384?
24
What is the greatest common factor of 3392375 and 7?
7
Calculate the greatest common divisor of 103824 and 352.
16
Calculate the greatest common factor of 13442 and 4576.
286
Calculate the greatest common factor of 187 and 2057.
187
What is the highest common divisor of 146 and 6680814?
146
What is the highest common factor of 238661 and 123?
41
What is the highest common divisor of 3381120 and 132?
12
Calculate the greatest common factor of 8868 and 42.
6
Calculate the greatest common divisor of 2201 and 6510.
31
What is the highest common divisor of 238 and 412335?
119
Calculate the highest common factor of 644 and 2849884.
92
What is the highest common factor of 36 and 103338?
18
Calculate the highest common divisor of 10811 and 14225.
569
What is the highest common divisor of 756 and 55818?
126
What is the highest common factor of 450015 and 570?
285
What is the greatest common factor of 3180 and 29468?
212
Calculate the highest common divisor of 265 and 20.
5
What is the highest common factor of 72 and 7020?
36
Calculate the greatest common factor of 1 and 36313.
1
Calculate the highest common divisor of 303943 and 646.
323
Calculate the greatest common factor of 74881 and 5816.
727
Calculate the greatest common factor of 7560 and 10248.
168
Calculate the greatest common divisor of 3234 and 5880.
294
Calculate the highest common divisor of 497 and 1043.
7
What is the greatest common divisor of 9252 and 1458?
18
Calculate the greatest common divisor of 226728 and 94.
94
What is the highest common factor of 340 and 30600?
340
Calculate the greatest common divisor of 130309 and 2488.
311
What is the greatest common factor of 22418023 and 613?
613
What is the greatest common divisor of 56 and 594200?
8
What is the greatest common factor of 3801 and 147?
21
What is the greatest common divisor of 98 and 28?
14
What is the greatest common divisor of 322 and 96439?
161
Calculate the greatest common factor of 264 and 53438.
22
What is the highest common factor of 149672 and 3530?
706
Calculate the greatest common factor of 1411 and 36354.
83
Calculate the highest common divisor of 13956 and 1344.
12
Calculate the greatest common factor of 1159 and 51528.
19
What is the highest common factor of 66 and 4131754?
22
Calculate the highest common divisor of 48 and 213916.
4
Calculate the highest common divisor of 19136 and 782.
46
What is the highest common factor of 525 and 589925?
175
What is the greatest common factor of 121401 and 329?
329
Calculate the greatest common factor of 63 and 399903.
21
What is the greatest common divisor of 990 and 181962?
198
What is the greatest common factor of 27133 and 3741?
43
Calculate the highest common divisor of 24 and 55128.
24
What is the highest common divisor of 3043 and 1611?
179
What is the highest common divisor of 402101 and 7?
7
What is the highest common factor of 71975 and 25?
25
What is the highest common divisor of 43504 and 400?
16
What is the greatest common factor of 15863 and 287722?
547
Calculate the greatest common divisor of 385041 and 3.
3
Calculate the greatest common divisor of 133929 and 72.
9
Calculate the highest common factor of 106447 and 22.
11
Calculate the greatest common factor of 1 and 81426.
1
Calculate the highest common factor of 62463 and 141.
141
What is the highest common divisor of 1016 and 2794?
254
What is the highest common divisor of 188054 and 170?
34
Calculate the greatest common factor of 16 and 1090048.
16
Calculate the greatest common factor of 388 and 516622.
194
Calculate the highest common divisor of 28 and 127001.
7
What is the highest common factor of 65 and 25259?
13
Calculate the greatest common divisor of 65 and 211380.
65
Calculate the greatest common factor of 2006235 and 945.
945
What is the highest common factor of 22 and 5336?
2
Calculate the greatest common factor of 34800 and 232.
232
What is the highest common factor of 528 and 327459?
33
Calculate the highest common factor of 413701 and 322.
23
What is the greatest common divisor of 3171 and 96663?
21
Calculate the highest common factor of 680061 and 35730.
1191
Calculate the greatest common divisor of 17971 and 1.
1
What is the highest common divisor of 495660 and 4620?
660
Calculate the highest common factor of 42 and 57862.
14
Calculate the highest common divisor of 20 and 52.
4
What is the highest common factor of 16 and 266264?
8
What is the greatest common factor of 11534 and 27886?
146
Calculate the greatest common factor of 18 and 883716.
6
Calculate the highest common divisor of 192 and 4566.
6
What is the greatest common divisor of 120285 and 144?
9
Calculate the highest common divisor of 761596 and 836.
836
What is the greatest common divisor of 12708 and 124?
4
What is the greatest common divisor of 2860 and 351351?
143
What is the greatest common divisor of 161 and 113068?
23
Calculate the greatest common factor of 14 and 18851.
7
What is the highest common divisor of 117849 and 7